 1131944 a multiple of 17?
False
Is 356 a factor of 922396?
True
Is 286072 a multiple of 6?
False
Does 1158 divide 3201870?
True
Is 760616 a multiple of 4?
True
Is 341413 a multiple of 52?
False
Does 156 divide 1335048?
True
Is 7069900 a multiple of 23?
False
Does 56 divide 17976?
True
Is 13 a factor of 1581034?
True
Does 22 divide 720114?
False
Is 103 a factor of 5179870?
True
Does 33 divide 59155?
False
Is 236 a factor of 18110?
False
Does 37 divide 337683?
False
Is 1938303 a multiple of 12?
False
Is 5 a factor of 155130?
True
Is 28 a factor of 1089588?
False
Is 78 a factor of 809106?
False
Does 297 divide 4322205?
False
Does 196 divide 8103190?
False
Is 10 a factor of 281810?
True
Does 668 divide 725712?
False
Is 2437743 a multiple of 194?
False
Is 13 a factor of 10677316?
True
Is 820145 a multiple of 79?
False
Is 17 a factor of 1727730?
False
Is 2 a factor of 6663?
False
Is 8270724 a multiple of 11?
True
Is 194425 a multiple of 57?
False
Does 3 divide 350562?
True
Is 1149 a factor of 476085?
False
Is 191554 a multiple of 131?
False
Is 31 a factor of 10757?
True
Is 8657829 a multiple of 732?
False
Is 173864 a multiple of 211?
True
Does 12 divide 708912?
True
Is 25027 a multiple of 344?
False
Is 2974796 a multiple of 164?
True
Does 26 divide 1637324?
True
Is 72 a factor of 101736?
True
Is 2021375 a multiple of 2?
False
Is 130 a factor of 14245010?
True
Is 560 a factor of 14955880?
False
Is 337736 a multiple of 28?
True
Does 77 divide 98406?
True
Is 68068 a multiple of 17?
True
Is 2693670 a multiple of 6?
True
Is 3608613 a multiple of 18?
False
Is 34 a factor of 2034580?
False
Is 659 a factor of 18813359?
False
Does 10 divide 79090?
True
Is 76 a factor of 3968644?
True
Does 2 divide 161070?
True
Is 7 a factor of 3605?
True
Is 7120224 a multiple of 12?
True
Is 286 a factor of 823680?
True
Does 1056 divide 740256?
True
Does 47 divide 172876?
False
Is 17 a factor of 373096?
False
Is 29 a factor of 106459?
True
Is 60 a factor of 58745?
False
Is 136 a factor of 1112752?
True
Does 133 divide 1248338?
True
Does 32 divide 455872?
True
Is 32148424 a multiple of 88?
True
Is 205650 a multiple of 75?
True
Is 366 a factor of 1625675?
False
Is 366 a factor of 2863105?
False
Does 24 divide 76165?
False
Does 9 divide 151891?
False
Is 64310 a multiple of 17?
False
Is 4015498 a multiple of 251?
True
Does 392 divide 1269688?
True
Does 140 divide 7042000?
True
Does 38 divide 1684388?
True
Is 5700145 a multiple of 305?
True
Does 338 divide 7750?
False
Is 9 a factor of 1147234?
False
Is 65668 a multiple of 23?
False
Is 170 a factor of 2252720?
False
Does 62 divide 57550?
False
Is 25 a factor of 6925?
True
Is 59604 a multiple of 124?
False
Is 156 a factor of 59543?
False
Is 189798 a multiple of 927?
False
Is 4 a factor of 54076?
True
Is 3253378 a multiple of 79?
True
Is 5015 a multiple of 2?
False
Does 35 divide 6059130?
True
Does 22 divide 565642?
True
Is 521 a factor of 3302?
False
Does 9 divide 444438?
True
Is 565 a factor of 2749855?
True
Is 1006204 a multiple of 12?
False
Does 35 divide 3107370?
True
Does 7 divide 1661484?
False
Is 918648 a multiple of 12?
True
Is 21 a factor of 212310?
True
Is 13 a factor of 2339889?
False
Does 171 divide 9997515?
True
Is 4583705 even?
False
Is 6 a factor of 183889?
False
Does 585 divide 1886625?
True
Is 2105675 a multiple of 275?
True
Does 27 divide 1153275?
False
Is 278 a factor of 29746?
True
Is 170820 a multiple of 9?
True
Does 31 divide 365769?
True
Is 121413 a multiple of 10?
False
Is 60515 a multiple of 455?
True
Is 29 a factor of 13311?
True
Does 9 divide 52704?
True
Is 230121 a multiple of 243?
True
Is 20 a factor of 898?
False
Is 413271 a multiple of 61?
False
Is 80 a factor of 822560?
True
Does 16 divide 4137550?
False
Is 32555274 a multiple of 75?
False
Does 109 divide 1251102?
True
Is 1056800 a multiple of 1007?
False
Is 345761 a multiple of 547?
False
Is 37632 a multiple of 128?
True
Does 44 divide 1217217?
False
Is 1564028 a multiple of 139?
True
Is 37323 a multiple of 143?
True
Is 170300 a multiple of 330?
False
Is 14 a factor of 67222?
False
Is 1814265 a multiple of 15?
True
Does 87 divide 574804?
False
Is 8 a factor of 1335708?
False
Is 746 a factor of 2824356?
True
Is 126333 a multiple of 12?
False
Is 38 a factor of 30324?
True
Does 8 divide 6935640?
True
Is 971 a factor of 2504639?
False
Does 50 divide 335050?
True
Is 2956441 a multiple of 36?
False
Is 15 a factor of 20203?
False
Is 139089 a multiple of 36?
False
Is 446493 a multiple of 34?
False
Is 22 a factor of 619366?
True
Is 11 a factor of 529557?
False
Is 42 a factor of 159538?
False
Is 34 a factor of 80463?
False
Is 13 a factor of 572416?
True
Does 11 divide 1105767?
False
Is 7 a factor of 15785?
True
Is 6 a factor of 2082969?
False
Does 22 divide 162426?
True
Is 219150 a multiple of 75?
True
Is 14 a factor of 4895884?
True
Does 121 divide 64856?
True
Is 11 a factor of 584381?
False
Does 1033 divide 266253?
False
Is 623781 a multiple of 109?
False
Is 290959 a multiple of 20?
False
Is 6 a factor of 52194?
True
Is 204 a factor of 8010263?
False
Is 1590288 a multiple of 112?
True
Does 13 divide 8150323?
False
Does 6 divide 1936704?
True
Does 302 divide 128374?
False
Does 4 divide 354587?
False
Is 134 a factor of 147802?
True
Is 49159 a multiple of 12?
False
Is 2597022 a multiple of 17?
True
Is 102 a factor of 27846?
True
Is 51493 a multiple of 119?
False
Is 523 a factor of 4447592?
True
Is 243828 a multiple of 5?
False
Is 2157194 a multiple of 914?
False
Does 5 divide 176710?
True
Does 371 divide 156195?
False
Is 120 a factor of 65549?
False
Does 51 divide 10330152?
True
Is 8 a factor of 104264?
True
Is 16 a factor of 11684384?
True
Does 44 divide 22462232?
False
Does 56 divide 38808?
True
Is 39 a factor of 1969817?
False
Is 2 a factor of 3313?
False
Does 41 divide 4195612?
True
Is 34 a factor of 137904?
True
Is 1315715 a multiple of 23?
True
Does 8 divide 59400?
True
Is 417325 even?
False
Is 4559338 a multiple of 4?
False
Is 635274 a multiple of 51?
False
Does 511 divide 875854?
True
Does 58 divide 269700?
True
Does 42 divide 69028?
False
Is 1145622 a multiple of 270?
False
Is 94 a factor of 2366234?
False
Is 25 a factor of 327691?
False
Is 39 a factor of 805701?
True
Is 79 a factor of 47308?
False
Does 18 divide 104760?
True
Is 22174 a multiple of 6?
False
Is 34 a factor of 52054?
True
Is 154112 a multiple of 143?
False
Is 13 a factor of 776100?
True
Does 16 divide 201072?
True
Does 32 divide 1140395?
False
Is 9054814 a multiple of 76?
False
Is 5004660 a multiple of 20?
True
Is 28 a factor of 1178100?
True
Is 5 a factor of 712960?
True
Is 511 a factor of 14764518?
False
Does 4 divide 19312?
True
Is 38 a factor of 11641034?
True
Does 385 divide 287980?
True
Is 2320163 a multiple of 29?
False
Does 5 divide 1440345?
True
Is 34206 a multiple of 2?
True
Does 69 divide 989943?
True
Is 457 a factor of 34398?
False
Does 3 divide 29890?
False
Does 291 divide 848616?
False
Is 186 a factor of 57738?
False
Does 343 divide 344715?
True
Does 271 divide 4109066?
False
Is 432366 a multiple of 253?
False
Is 130 a factor of 224900?
True
Is 15 a factor of 3798576?
False
Is 203505 a multiple of 56?
False
Does 84 divide 1720152?
True
Does 588 divide 1074864?
True
Is 233 a factor of 129461?
False
Is 65 a factor of 331175?
True
Does 48 divide 67776?
True
Does 8 divide 426633?
False
Is 734 a factor of 1492082?
False
Is 759 a factor of 7364950?
False
Is 17 a factor of 1942610?
False
Is 3622885 a multiple of 1240?
False
Is 176 a factor of 208872?
False
Does 76 divide 443612?
True
Is 96782 a multiple of 7?
True
Does 280 divide 13789160?
True
Is 54912 a multiple of 47?
False
Is 11 a factor of 163387?
False
Is 1057 a multiple of 36?
False
Does 18 divide 190008?
True
Does 4 divide 118619?
False
Is 11123987 a multiple of 280?
False
Does 146 divide 220606?
True
Is 494543 a multiple of 7?
True
Is 297255 a multiple of 57?
True
Is 7586784 a multiple of 324?
True
Is 2358666 a multiple of 3?
True
Does 189 divide 211869?
True
Is 135 a factor of 2228235?
False
Does 38 divide 1226640?
True
Does 43 divide 195607?
True
Is 394 a factor of 557022?
False
Is 443157 a multiple of 429?
True
Is 58056 a multiple of 164?
True
Does 38 divide 4007636?
False
Does 173 divide 208638?
True
Is 9 a fact